ite?
False
Is 405893 prime?
True
Is 604397 composite?
False
Is 18648313 a prime number?
True
Is 43777061 a prime number?
True
Is 3878843 prime?
True
Is 4698877 composite?
True
Is 16306027 composite?
False
Is 218579 composite?
False
Is 10520507 composite?
False
Is 14263559 composite?
True
Is 19134539 composite?
True
Is 2978711 composite?
False
Is 1699297 a composite number?
False
Is 255524149 composite?
True
Is 6666791 a prime number?
True
Is 22466791 a composite number?
True
Is 4943019 composite?
True
Is 66762739 prime?
True
Is 10487171 a prime number?
False
Is 145268979 a composite number?
True
Is 368957 composite?
False
Is 41399915 a prime number?
False
Is 5698543 composite?
False
Is 41707093 a prime number?
False
Is 3754847 a prime number?
False
Is 16014367 prime?
True
Is 575551 composite?
False
Is 373030267 a prime number?
True
Is 5032301 composite?
True
Is 499781 a composite number?
False
Is 15187331 a composite number?
False
Is 9654329 a composite number?
False
Is 10982801 composite?
True
Is 302903 prime?
True
Is 68873531 a prime number?
False
Is 84888611 prime?
True
Is 1308000713 composite?
False
Is 159754711 a prime number?
False
Is 14965699 prime?
False
Is 7814813 prime?
False
Is 921848573 prime?
False
Is 112441783 a prime number?
True
Is 64001159 a composite number?
False
Is 20058287 prime?
True
Is 844481 a prime number?
False
Is 354594949 composite?
False
Is 211619 composite?
False
Is 14111549 composite?
False
Is 353779531 prime?
False
Is 665219701 composite?
True
Is 43228093 a composite number?
True
Is 2885233 composite?
True
Is 25521801 composite?
True
Is 3525301 a prime number?
False
Is 1354471 a prime number?
True
Is 24866837 a composite number?
False
Is 1979911 a composite number?
False
Is 882359 prime?
True
Is 24418151 prime?
True
Is 111640709 a prime number?
True
Is 5307433 a prime number?
True
Is 4686377 a composite number?
False
Is 55388453 a composite number?
False
Is 14845273 prime?
True
Is 16468301 prime?
True
Is 234457 a composite number?
False
Is 4140439 composite?
False
Is 13150987 composite?
False
Is 508226221 a composite number?
True
Is 13146131 prime?
True
Is 7888451 composite?
False
Is 3505333 a prime number?
False
Is 6960133 prime?
True
Is 2530763 composite?
True
Is 833581 composite?
True
Is 4852843 prime?
True
Is 35794723 a prime number?
True
Is 737689 a composite number?
True
Is 100447 a prime number?
True
Is 199215841 a prime number?
False
Is 8242723 a composite number?
False
Is 1778801 a prime number?
True
Is 2370815 a prime number?
False
Is 1289867 composite?
False
Is 439067 composite?
True
Is 377051 a prime number?
True
Is 27757949 a prime number?
True
Is 7660651 composite?
True
Is 104604601 a composite number?
True
Is 25736047 composite?
False
Is 14145289 a prime number?
False
Is 1393219 a prime number?
True
Is 12259937 composite?
False
Is 251467 a prime number?
True
Is 206477 prime?
True
Is 198156521 a prime number?
False
Is 25648369 prime?
True
Is 2549419 prime?
False
Is 11489339 composite?
True
Is 17441077 a prime number?
True
Is 274107593 a prime number?
True
Is 2001163 a composite number?
False
Is 541181 a prime number?
True
Is 342195851 a prime number?
True
Is 5733449 a prime number?
True
Is 288700579 a composite number?
True
Is 3043111 prime?
True
Is 337339 composite?
False
Is 2797211 a composite number?
False
Is 65390321 prime?
False
Is 452273545 a prime number?
False
Is 365419781 a composite number?
False
Is 20901817 prime?
True
Is 2996927 composite?
True
Is 9637637 a composite number?
False
Is 12022183 a composite number?
True
Is 13424039 a composite number?
False
Is 13918589 composite?
False
Is 16204277 prime?
True
Is 232785013 a composite number?
False
Is 73748027 composite?
True
Is 171710905 a composite number?
True
Is 996181 prime?
False
Is 53383585 a composite number?
True
Is 20539513 composite?
True
Is 244331173 a composite number?
False
Is 529004913 composite?
True
Is 252644047 a prime number?
True
Is 239527534 prime?
False
Is 1161040565 a composite number?
True
Is 606545 a prime number?
False
Is 44839747 a prime number?
True
Is 47756743 a composite number?
False
Is 959993 prime?
False
Is 9597934 a composite number?
True
Is 2707289 a composite number?
True
Is 23973703 a prime number?
False
Is 2407791 prime?
False
Is 12437297 a composite number?
False
Is 230189 a composite number?
False
Is 829009351 composite?
False
Is 1698409 a composite number?
False
Is 39279 prime?
False
Is 37825633 a composite number?
False
Is 37511053 a composite number?
True
Is 135933739 composite?
False
Is 285911467 composite?
True
Is 136659197 a composite number?
False
Is 4927861 composite?
False
Is 11294903 composite?
False
Is 283669697 prime?
True
Is 1716227 a composite number?
True
Is 84005435 a composite number?
True
Is 1324117 a prime number?
True
Is 289235559 a composite number?
True
Is 15043687 prime?
False
Is 9405397 a composite number?
True
Is 39981287 composite?
False
Is 4193309 a prime number?
True
Is 7495858 a prime number?
False
Is 112193429 composite?
True
Is 5067191 a composite number?
True
Is 1773319 prime?
True
Is 408598 prime?
False
Is 1618891 prime?
True
Is 2631241 a composite number?
False
Is 142303657 composite?
False
Is 1161024989 a composite number?
True
Is 2569051 composite?
True
Is 79638661 a prime number?
True
Is 103556813 prime?
True
Is 27316411 prime?
False
Is 25550743 composite?
True
Is 388351 a prime number?
True
Is 21846397 prime?
True
Is 348431 composite?
False
Is 2275795 a prime number?
False
Is 20884193 prime?
False
Is 358950353 prime?
True
Is 28256843 composite?
False
Is 20307457 composite?
False
Is 2553149 prime?
True
Is 100548011 prime?
True
Is 13454201 prime?
True
Is 3648929 a composite number?
True
Is 41056831 a prime number?
True
Is 389491 a composite number?
True
Is 3040813 a composite number?
True
Is 3734333 a composite number?
True
Is 34556315 composite?
True
Is 20954797 composite?
True
Is 7286662 prime?
False
Is 576687 a prime number?
False
Is 3434467 a composite number?
False
Is 2174323 a composite number?
True
Is 2305153 a prime number?
True
Is 132930257 composite?
False
Is 2821267 composite?
False
Is 14068723 a composite number?
False
Is 1880195 a composite number?
True
Is 740677569 a composite number?
True
Is 6667291 a prime number?
True
Is 239973437 composite?
True
Is 2770861 composite?
True
Is 18672789 a prime number?
False
Is 4577779 a prime number?
True
Is 5351063 a composite number?
True
Is 3440867 a composite number?
False
Is 3646463 composite?
False
Is 576621509 prime?
True
Is 12116077 composite?
False
Is 4532551 composite?
True
Is 15106017 prime?
False
Is 60989743 a composite number?
False
Is 30305623 a composite number?
False
Is 1724783171 composite?
False
Is 9885859 a composite number?
False
Is 2089559 composite?
False
Is 21404837 a composite number?
False
Is 196613611 a composite number?
False
Is 41341 prime?
True
Is 57902905 a prime number?
False
Is 23423707 composite?
False
Is 45502577 a prime number?
False
Is 5007689 prime?
True
Is 192623611 a prime number?
False
Is 85203634 a composite number?
True
Is 487681 prime?
True
Is 11176897 a prime number?
True
Is 236501 prime?
False
Is 1969235 a prime number?
False
Is 18117119 a prime number?
True
Is 5062489 a composite number?
False
Is 239155307 a prime number?
True
Is 4889809 composite?
True
Is 7130083 prime?
True
Is 8353517 composite?
False
Is 11113037 composite?
True
Is 31718 a composite number?
True
Is 164123411 composite?
False
Is 18337087 a prime number?
False
Is 13966 a prime number?
False
Is 36056533 composite?
False
Is 13776209 composite?
False
Is 603737 a composite number?
True
Is 161973359 prime?
True
Is 30030461 a composite number?
False
Is 104211881 prime?
True
Is 5188089 a prime number?
False
Is 35127977 prime?
False
Is 134147563 a composite number?
True
Is 919879 a composite number?
True
Is 5383139 a prime number?
False
Is 35944843 composite?
True
Is 1158037 composite?
False
Is 3377513 a composite number?
False
Is 369230369 a composite number?
False
Is 183057197 a composite number?
False
Is 1472781 prime?
False
Is 1488073 prime?
True
Is 35304079 a composite number?
True
Is 18376567 a prime number?
False
Is 40412353 a prime number?
False
Is 377189 a composite number?
True
Is 344462581 a compo